 - o + 1. List the prime factors of k(l).
7
Suppose 2*j = 3*c + 285, -31*j + 32*j = 4*c + 145. What are the prime factors of j?
3, 47
Suppose 0 = 3*w + j - 422, -7*j = 2*w - 9*j - 276. What are the prime factors of w?
2, 5, 7
Let p(c) = -1 + c - 8*c + 12 + c. Let m be p(-11). Suppose -3*y = -w - 44, 4*y - m = 4*w + w. List the prime factors of y.
13
Suppose 4*i + 29 = -35. Let t = i + 10. Let c(l) = l**3 + 7*l**2 + 3*l - 7. What are the prime factors of c(t)?
11
Suppose -269*l + 33327 = -248*l. What are the prime factors of l?
3, 23
Suppose -3*o - 3 = -15. Suppose 2*g + 20 = 5*c + 90, o*g - 110 = -5*c. List the prime factors of g.
2, 3, 5
Let m(r) = r**3 - 9*r**2 + 7*r + 10. Let z be m(8). Suppose a + f = -z*a + 118, 5*f = -a + 16. Let c = -9 + a. What are the prime factors of c?
2
Let o(h) be the third derivative of -h**6/120 - h**5/15 + h**4/6 + h**3 + 15*h**2. What are the prime factors of o(-6)?
2, 3
Let c be (4/(-24)*-8)/((-4)/(-204)). Let d(a) = -a**2 + 5*a + 3. Let j be d(6). What are the prime factors of (-5)/((-10)/c) - j?
37
Suppose -8*f = -f - 364. Suppose f = r - 5. List the prime factors of r.
3, 19
Suppose -8*s + 10379 = 3635. What are the prime factors of s?
3, 281
Suppose -339*p + 353*p = 75768. List the prime factors of p.
2, 3, 11, 41
Let q be 4 + 0 + 20/(-4). Let t(u) = -10*u + 2. Let w be t(q). Suppose 0 = g - 4*x - 46, g - w = -4*x + 26. What are the prime factors of g?
2, 3, 7
Let j(u) = -2*u**2 - 1. Let k be j(-1). List the prime factors of 4*k/(-12) - 40*-2.
3
Suppose 0 = 5*f - 8 + 23, f + 3323 = 4*o. List the prime factors of o.
2, 5, 83
Suppose -12 = -4*h - j, -5*h = -4*j + 9 - 24. Suppose 3*q - 2*q - h = 0. Suppose -4*z - 3*a = -19, 2*z - 4*a = -q + 7. List the prime factors of z.
2
Let i = 67 - 22. List the prime factors of i.
3, 5
Let s = 6213 - 1276. What are the prime factors of s?
4937
Let t(z) = -2*z**3 - 37*z**2 + 10*z + 15. List the prime factors of t(-20).
5, 7, 29
Let n be (-12)/48 + 42/8. Suppose -n*c + 1218 = 53. List the prime factors of c.
233
Let q(u) = 5*u**3 - u. Let d be q(-1). Let f be ((-7)/d)/(2/(-8)). What are the prime factors of 3*5 + f + 10?
2, 3
Let n be (10/6)/((-8)/120). Let i = 26 - n. List the prime factors of i.
3, 17
Let h(y) = -y + 19. Let t be h(6). Let b = t - 19. What are the prime factors of (2/b)/((-3)/207)?
23
Let z = 574 + -111. List the prime factors of z.
463
Let q(o) = -7*o**3 - 4*o**2 - 3*o. Let j be q(-2). Suppose -2*f + 20 + j = 0. What are the prime factors of f?
3, 11
Suppose 3528 = -38*q + 44*q. What are the prime factors of q?
2, 3, 7
Suppose 2*d - p = 3*d - 3, -3*d = 4*p - 4. Let n = 5 + d. Suppose -n = -a - 2*i + 15, -107 = -4*a - 3*i. What are the prime factors of a?
2, 13
Suppose -4*v = -y + 1650, 144*y + 5*v = 148*y - 6644. List the prime factors of y.
2, 7, 17
Suppose -7 = -4*b - f + 2*f, 2*b - 1 = f. Suppose -447 = -5*n - 4*m - 53, -3*n - b*m = -234. What are the prime factors of n?
2, 41
Let z = 15 - 18. What are the prime factors of -148*3/12*z?
3, 37
Let b(t) be the second derivative of -t**4/12 - 19*t**3/6 - 8*t**2 - 2*t + 8. Suppose 10 = -2*i, 2*g + 2*g + 43 = 5*i. What are the prime factors of b(g)?
2, 3
Let o(i) = -i**2 - 7*i + 4. Let n be o(-7). Let x be (26/(-4))/((-2)/n). Let j = 1 + x. List the prime factors of j.
2, 7
Let g = 163 - 12. List the prime factors of g.
151
Suppose -44*z + 24*z = -23260. List the prime factors of z.
1163
Suppose -2*b = -u + 65, 3*u - 27 = 2*b + 36. Let l be (-2)/(3/(-330)*4). Let x = b + l. What are the prime factors of x?
2, 11
Let a(c) = -c**2 - 2*c + 2. Let l be a(0). What are the prime factors of 80 - (0 + -4 + l)?
2, 41
Let p = 1552 - 500. What are the prime factors of p?
2, 263
Let q be (-1278)/(-16) - 1/(-8). Suppose 0 = 44*d - 40*d - q. What are the prime factors of d?
2, 5
Let y = 55 - 50. Let r be (-2)/(-8) + 1/(-4). Suppose -190 = -r*l - y*l. What are the prime factors of l?
2, 19
Let y(x) = -x**3 + 6*x**2 - 6*x + 16. Let r be y(5). Let g = r + 64. List the prime factors of g.
3, 5
Let z(r) be the first derivative of 57*r**4/4 - r**3/3 + r**2/2 - r - 8. List the prime factors of z(1).
2, 7
Let n = -13 - -6. Let q(b) = -b**2 - 9*b + 2. List the prime factors of q(n).
2
Let q(h) = h**2 - 8*h. Let l be q(8). Suppose 4*d = -k + 82, -3*d + 4*d + 5*k - 30 = l. What are the prime factors of d?
2, 5
What are the prime factors of -3 + -3 + 1 - -870 - 1?
2, 3
Suppose v - 1013 = 505. List the prime factors of v.
2, 3, 11, 23
Suppose 5*p + 3*f + 0*f - 31 = 0, 2*f - 9 = -p. Let d = p + -31. Let b = 47 + d. List the prime factors of b.
3, 7
Let b(f) be the third derivative of -f**4/12 - 11*f**3/6 - f**2. Let x be ((-104)/(-8))/(0 + -1) + 4. What are the prime factors of b(x)?
7
Suppose 5*f - 13 = 2. Suppose -f*u + 10 = -2. What are the prime factors of (19/u)/(3/48)?
2, 19
Let j be (30/25)/((-6)/(-45)). Suppose -j*u + 807 = 150. List the prime factors of u.
73
Let g(d) = 2*d + 29. Let o be 4 - 3 - 1*-11. Let s be (3/o*0)/(-2). List the prime factors of g(s).
29
Suppose -880 - 1166 = -11*t. What are the prime factors of t?
2, 3, 31
List the prime factors of (-3)/(-6) + (-9)/((-72)/3340).
2, 11, 19
Let u = 1149 - -177. What are the prime factors of u?
2, 3, 13, 17
Let c(h) = 7*h - 9. What are the prime factors of c(7)?
2, 5
Suppose 9*l - 8831 - 7126 = 0. What are the prime factors of l?
3, 197
Let c(z) = z**3 - 6*z**2 + 12*z - 2. Let j be c(5). Suppose 3*q = 3*a - 87, -a + 2*q + j = 6. List the prime factors of a.
31
Let d(v) = -2*v - 1. Let o = 28 + -20. Suppose 0 = 2*m - 4*i + 8, 2*m - 2*i = -o - 0. What are the prime factors of d(m)?
7
Let z be ((-1)/(-2))/((-1)/(-8)). Let y be 10/z*8/4. What are the prime factors of ((-12)/y)/(3/(-15))?
2, 3
Let n(a) = -29*a**3 - 3*a**2 - 2*a + 2. Let y be n(-2). Let o = y - 110. List the prime factors of o.
2, 29
Suppose 166 + 155 = 3*c. Suppose 105 = 4*q - c. What are the prime factors of q?
53
Let i(t) be the second derivative of t**3/3 + 13*t**2/2 - t + 48. Let n be 10/2*(1 + -2). List the prime factors of i(n).
3
Suppose 6*y + 9*y - 6660 = 0. List the prime factors of y.
2, 3, 37
What are the prime factors of -7 + -6 + 236 + 7?
2, 5, 23
Let b(f) = -18*f - 21. Suppose 4*c - 2*g = -32, -2*c - 40 = -4*g - 12. What are the prime factors of b(c)?
3, 29
Let t = 10 + -10. Suppose 5*c = -t*c + 80. What are the prime factors of (-1)/4 + 260/c?
2
Let j(l) = -l**3 + 7*l. Let c be j(-3). Let n(k) = -3 - c*k - k**3 + 8*k**2 - 1 - 3*k**3 + 3*k**3. What are the prime factors of n(6)?
2
Let h(b) = -5*b**2 - 21 - 3*b + 3 + 10*b**2. What are the prime factors of h(-4)?
2, 37
Let o be -3 - (20 - 2/2). Let r = -15 - o. Let w = r - -6. What are the prime factors of w?
13
Suppose 2*x = 0, 4*b = -52*x + 50*x + 3544. List the prime factors of b.
2, 443
Let r = -44 - -50. What are the prime factors of (-2)/r + (-3070)/(-30)?
2, 3, 17
Suppose -4*d + 2 = 18. List the prime factors of (20 + 1 + 1)*(-22)/d.
11
Suppose c = 6*c. Let o be (17 - 11)/(2 + c). Suppose -3*y + 73 = 6*v - v, -19 = -y - o*v. List the prime factors of y.
31
Let u(j) = 4*j - 32. Suppose -3*r + 71 - 899 = 4*h, -3*r - 5*h = 831. Let m be r/(-20) + 8/20. What are the prime factors of u(m)?
2, 3
List the prime factors of (-3 + (-86)/(-12) + -4)*11238.
1873
Let f(s) = 3*s**3 - 60*s**2 - 48*s - 158. Let a(j) = j**3 - 20*j**2 - 16*j - 53. Let l(i) = -11*a(i) + 4*f(i). What are the prime factors of l(21)?
2, 7
Let l = -2 + 16. Let f = 29 + -20. Let w = l - f. List the prime factors of w.
5
Suppose -3*u + 4*v = 0, -5*u - 5*v = -v + 32. What are the prime factors of (5 - 9)*22/u?
2, 11
Suppose 34*j = 2639 + 51115. List the prime factors of j.
3, 17, 31
Suppose -5*u - 3777 = -3*t, 2*t + 5*u - 2243 - 300 = 0. List the prime factors of t.
2, 79
Let k(f) be the second derivative of -f**5/20 - 5*f**4/6 + 7*f**3/2 - 12*f**2 + 8*f. What are the prime factors of k(-12)?
2, 3
Let c(d) = -6*d + 10. Let p be c(3). Let a(g) = 3*g + 24. Let f be a(p). What are the prime factors of (f + -1)*395/(-5)?
79
Let g(c) = -83*c - 1299. What are the prime factors of g(-33)?
2, 3, 5
Let a(w) = 10*w**2 + w - 1. Suppose 0 = z + 2, 2*z = 5*q - 2*z - 128. Let o = 22 - q. List the prime factors of a(o).
37
Let r(n) = 5*n**2 - 4*n - 8. Let t(f) = f**2 + f - 1. Let p(l) = -r(l